e 5*d - 1 = -6. Let u be 2/6 + d/3. What are the prime factors of u - (-10)/(1/1)?
2, 5
Suppose 0 = 5*t - 43 - 17. List the prime factors of t.
2, 3
What are the prime factors of (-2)/10 + 873/15?
2, 29
Suppose -c = 58 - 56. Let o(k) = 2*k + 4. Let i be o(-5). List the prime factors of ((-20)/(-6))/(c/i).
2, 5
Let a = 19 + 19. What are the prime factors of a?
2, 19
Let r(x) = 5*x**3 + x**2 + 9*x - 5. Let z(o) = 1 - 2*o - 2*o**3 + 1 - 2*o. Let n(v) = 3*r(v) + 7*z(v). What are the prime factors of n(-3)?
2
Suppose -5*q + 4*m = -21, 2*q + 5*m - 11 - 4 = 0. Let n = 0 + q. What are the prime factors of n?
5
Suppose 0 = 2*j - 2*g - 0 - 4, 2*g - 3 = j. Suppose -2*c - 65 = -j*c. List the prime factors of c.
13
Suppose -4*f = -56 - 8. Suppose 5*m - f - 34 = 0. List the prime factors of m.
2, 5
Let w = -24 - -38. Suppose -w = -2*v + 6. What are the prime factors of v?
2, 5
List the prime factors of (2/6)/(((-8)/(-4))/1146).
191
Suppose 4*x + x - o = 5, 0 = 5*x + 5*o + 25. Suppose 0 = t - d - 35, -3*d + x*d = -5*t + 175. List the prime factors of t.
5, 7
Suppose 2*h = q + 36, -4*h + 2*q - 5*q = -52. Suppose 5*l - 9 = 2*w + 7, 4*w - h = -2*l. What are the prime factors of l?
2
Let c(y) = 19*y**2 - 4*y - 3. List the prime factors of c(-3).
2, 3, 5
Suppose -124 = 3*o - 7*o. What are the prime factors of o?
31
Suppose 2*z - 3*a = z + 17, -5*a = 2*z - 45. What are the prime factors of z?
2, 5
Let o = 152 + 106. What are the prime factors of o?
2, 3, 43
Suppose -14 = -4*s + 2. Suppose -p = s, -w + 47 = -p + 6. List the prime factors of w.
37
Suppose f + 3*f = 20. Suppose 4*t - 2*t = -f*z + 178, 116 = 4*z - 5*t. Suppose 3*c + z = 5*o, 2*o + c + 6 = 3*o. List the prime factors of o.
2
Let h = 75 - 25. What are the prime factors of h?
2, 5
Let j(x) = 2*x + 1. Let t be (2/3)/(1/(-3)). Let k be j(t). What are the prime factors of (k + (-1 - -2))*-3?
2, 3
Let u(c) = c + 17. What are the prime factors of u(0)?
17
Suppose -4*y + 13 = -0*m - m, 0 = -5*y + 4*m + 30. Suppose 0 = -t - y*t + 57. List the prime factors of t.
19
Suppose 9 = -3*t - 6*d + d, -t = 4*d + 10. List the prime factors of t.
2
Let k(h) = h**2 - 4*h - 3. Let g be k(5). Suppose 0 = -g*n + 9 + 3. List the prime factors of (n + -2)/(3/6).
2
Let z = -8 - -39. What are the prime factors of z?
31
Let h = 227 - -97. What are the prime factors of 15/(-6)*h/(-30)?
3
Let w be 28 + (8/(-4) - -1). Suppose 4*a + n = -2*n + 64, a - 2*n - w = 0. What are the prime factors of a?
19
List the prime factors of 6/8 - (-195)/12.
17
Let y(b) = 3*b**3 - 2*b**2 - 5*b + 2. What are the prime factors of y(3)?
2, 5
Let x(b) = -73*b + 5. What are the prime factors of x(-3)?
2, 7
Suppose -2*t + 3*m + 2 = 6, t = -5*m - 2. Let j = t + 7. Suppose -61 = -4*r - 5*a, -2*r + j*a + 1 - 8 = 0. List the prime factors of r.
3
Let w = -2 - -6. Let z(s) be the first derivative of 2*s**3/3 - 3*s**2 + s - 7. List the prime factors of z(w).
3
Let q(x) = 2*x**3 + 2*x**2 - 1. Let a be q(1). Suppose 3*v + 3*i = 27, 8*i - 4*i - 23 = -a*v. List the prime factors of v.
13
Let g(i) = 2*i**2 - i - 2. Let t be g(2). Suppose -4*h - 4*b - 52 = 0, -t*h - b - b - 46 = 0. What are the prime factors of h/6*(-3 + 0)?
5
Let y be 70/6 - 1/(-3). Suppose t = -2*t + y. Suppose -c + t = c. What are the prime factors of c?
2
What are the prime factors of 2 + -1 + (202 - -3)?
2, 103
What are the prime factors of 2*(-147 + 1)/(-1 - 3)?
73
Suppose 4*h - 3*a = 18, -1 = -0*h + h + 2*a. Suppose -l - 3 = 0, -l - h*l = -2*q + 76. List the prime factors of q.
2
Suppose -7*o + 99 = 29. What are the prime factors of o?
2, 5
Let y(u) = 2*u. Let n be y(1). Let p be (-12)/n*(-10)/4. List the prime factors of 10*1*6/p.
2
Let m(i) = -2*i + 42. List the prime factors of m(19).
2
Let l(h) = 2*h - 5. Let a be l(7). Let b(p) = -p**2 + 9*p + 12. List the prime factors of b(a).
2, 3
Suppose -9*u = -5*u - 8. What are the prime factors of u?
2
Suppose -2*x = 3*x. Suppose x = -w - 3*w + 80. Suppose 2*q = -q + m + 18, 5*q = 5*m + w. List the prime factors of q.
7
Let f(j) = -j**3 - 10*j**2 - 10*j - 9. Let l be f(-9). Suppose 0*w - 3*w + 48 = l. What are the prime factors of w?
2
Let k = -65 + 60. Suppose 4*a - 3*u - 22 = -a, -3*a + 5*u = -26. What are the prime factors of a*(-3)/3*k?
2, 5
Let g(b) = -24*b + 10. What are the prime factors of g(-6)?
2, 7, 11
Let d = -1 - -3. Suppose -d = p - 0*p. Let q = p - -13. What are the prime factors of q?
11
Let b(f) = f**3 + 7*f**2 + 3*f - 6. What are the prime factors of b(-5)?
29
Suppose h + 156 = 2*h + 3*w, -2*w - 780 = -5*h. What are the prime factors of h?
2, 3, 13
Suppose 10*c - 5*c - 20 = 0. Suppose 5*b + 24 - c = 0. What are the prime factors of (60/(-9))/b*3?
5
Suppose 62*i = 59*i + 918. List the prime factors of i.
2, 3, 17
Let n(l) = 7*l**2 + 2*l + 3. List the prime factors of n(-2).
3
Let l = -5 - -7. Suppose 4*z - 3*j = z + 33, -5*z - l*j + 76 = 0. List the prime factors of z.
2, 7
Let a(p) = 1. Let h(q) = -q - 4. Let g(i) = -2*a(i) - h(i). Let d be g(0). Suppose d*n + 33 = 3*w - n, 5*w - 4*n - 58 = 0. What are the prime factors of w?
2, 7
Suppose -80 - 68 = -4*n + 2*f, 3*n - 3*f = 108. List the prime factors of n.
2, 19
Let r(l) be the third derivative of l**5/60 - l**4/24 - l**3 + 3*l**2. List the prime factors of r(-6).
2, 3
Suppose u = n + 1, -3*n + 4*u = -0*n + 4. Let k be 2/1 - (-2 + -2). Suppose 4*a - 2*r - k = n, -2 = 2*a + r - 11. What are the prime factors of a?
3
Let x(n) = -n**2 - 18*n - 14. List the prime factors of x(-12).
2, 29
Suppose -f + 27 = -0*f. List the prime factors of f.
3
Let o = 26 - 16. Let z(y) = 2*y - 15. What are the prime factors of z(o)?
5
Let k(t) = t + 6. Let z be k(-5). Let i(u) = 5*u - 1. What are the prime factors of i(z)?
2
Let o = 9 + -6. Suppose -5*g = -0*g - o*y - 42, 4 = 4*y. What are the prime factors of g?
3
Let a be -1 + -1 + -1 + 0. Suppose 3*d + 1 = 10. Let f = d - a. What are the prime factors of f?
2, 3
Let h(l) = 2*l - 5. Let o be h(4). Let k(v) be the second derivative of -v**5/20 + 5*v**4/12 - v**3/2 + v**2/2 + v. List the prime factors of k(o).
2, 5
Let h(r) be the second derivative of -r**4/12 - r**3 + 5*r**2/2 - 3*r. What are the prime factors of h(-5)?
2, 5
Suppose -3*q + 6*q = 5*r - 1605, 3*q - 1257 = -4*r. What are the prime factors of r?
2, 3, 53
Let u(s) = -s**2 - 6*s - 5. Let f be u(-5). Let b be f + -2 + -7 - 1. List the prime factors of (2 - 3)/1 - b.
3
Let c(v) = -63*v - 20. What are the prime factors of c(-5)?
5, 59
Let n = 63 + -4. What are the prime factors of n?
59
Let l = 71 + -31. What are the prime factors of l?
2, 5
Suppose 2*g + a - 27 = 0, -5*g + 5*a + 26 = -64. List the prime factors of g.
3, 5
Suppose a = y - 37, -y - 4*a = 4*y - 149. What are the prime factors of 2/(-3)*y/(-2)?
11
Let o(s) = s**2 - 6*s - 6. Let u be o(7). What are the prime factors of 13 + u + (-2)/1?
2, 3
Suppose 4*s = 2*s + 10. Suppose 0 = 3*z - 4*j + 6, s*z - 19 = 3*z - 5*j. List the prime factors of z.
2
Suppose -3*p = 2*p - 45. Let y = p + -7. Suppose -y*m = -0*m - 14. List the prime factors of m.
7
Let b(p) = -p**3 + 19*p**2 - 16*p - 13. What are the prime factors of b(18)?
23
Let s(a) be the third derivative of a**6/360 - a**5/120 - a**4/6 + a**3/6 + a**2. Let w(p) be the first derivative of s(p). List the prime factors of w(4).
2
Let v(k) be the second derivative of k**7/2520 + k**4/6 - 2*k. Let a(d) be the third derivative of v(d). List the prime factors of a(3).
3
Let b = -116 - -162. List the prime factors of b.
2, 23
Let k(u) = -33*u**3 - 2*u**2 - u. List the prime factors of k(-1).
2
Let u(b) = 3*b - 6. Let n be u(4). Suppose 5*c = 3*v + 2*v + 15, 0 = -2*c - 3*v + n. List the prime factors of c.
3
Suppose 8*k - 5*k = 189. Suppose k = 2*u + 17. What are the prime factors of u?
23
Suppose 4*y - y - 6 = 0. Suppose -z = 5*u - 4, -y*z - 4*u + 23 = z. What are the prime factors of z?
3
Let u = -4 - -3. Let v be u*(-4 - 2/(-1)). Suppose 5*m + 3*x - 51 - 51 = 0, 2*m - v*x = 28. List the prime factors of m.
2, 3
Suppose -5*h - 119 = -3*z, 0 = 2*z - 0*z - 5*h - 86. What are the prime factors of z?
3, 11
Let w = 85 - 48. Suppose b + 145 - w = -5*t, 3*b = 3*t + 72. List the prime factors of (t/4)/(3/(-6)).
11
Suppose 258 = 6*l - 0*l. List the prime factors of l.
43
List the prime factors of (-